
In base 11, what is -362a4330 - -16?
-362a4315
In base 2, what is -1000001001111101100011 - 101011?
-1000001001111110001110
In base 4, what is 10002223 - 11023?
3331200
In base 11, what is 20 - -27a60?
27a80
In base 14, what is -34 + -771a8?
-771dc
In base 7, what is -13106 - -64364?
51255
In base 13, what is 82182cc - 2?
82182ca
In base 12, what is -630 - -1688a?
1625a
In base 10, what is -19045384 - 14?
-19045398
In base 13, what is -14b9 - -489?
-1030
In base 11, what is 183562 - -42?
1835a4
In base 7, what is 22043 - -12433?
34506
In base 7, what is -616 - 22550?
-23466
In base 14, what is -320 - -8277?
7d57
In base 9, what is 113 - -462642?
462755
In base 11, what is 8aa + 416506?
417305
In base 11, what is -19176 - 187?
-19352
In base 2, what is 1 - 110010111010001010100011?
-110010111010001010100010
In base 5, what is -44133212 + -123?
-44133340
In base 7, what is -6511 + -1262211?
-1302022
In base 15, what is -2 + 179217e?
179217c
In base 6, what is -4314451 - 1453?
-4320344
In base 12, what is 1 + 9452309?
945230a
In base 6, what is 0 - -134535531?
134535531
In base 4, what is -3130122323122 + 2?
-3130122323120
In base 4, what is 11013112211001 + 10?
11013112211011
In base 8, what is 3566526313 + -4?
3566526307
In base 7, what is -25425 - -10562?
-14533
In base 10, what is -320 - 322097?
-322417
In base 15, what is 446587d - 4?
4465879
In base 7, what is -4121006 - -52?
-4120624
In base 14, what is 0 - 69b7c40?
-69b7c40
In base 6, what is -15353 + 2553?
-12400
In base 4, what is -103003012300211 - 2?
-103003012300213
In base 8, what is -12355655 - 33?
-12355710
In base 2, what is -11111011100010100111110 - 10?
-11111011100010101000000
In base 6, what is -2324322 + -131?
-2324453
In base 11, what is 11977 + -7170?
5807
In base 7, what is -143 - -11432313?
11432140
In base 2, what is 10100011000100011 - -10?
10100011000100101
In base 2, what is -1 - -10101101011110001110011?
10101101011110001110010
In base 8, what is -206537 + 1311?
-205226
In base 8, what is 10065713454 - -2?
10065713456
In base 9, what is 3 + 14232053?
14232056
In base 9, what is -1711 + -3214?
-5025
In base 15, what is -2 - 65082?
-65084
In base 7, what is -21362441 + -5?
-21362446
In base 6, what is 5250 - 14135?
-4445
In base 16, what is -2a0e1e - -3?
-2a0e1b
In base 5, what is 100132142434 + 10?
100132142444
In base 4, what is -12021310003122 + -1?
-12021310003123
In base 8, what is -42600037 + -5?
-42600044
In base 13, what is -119 + 1b3cb?
1b2b2
In base 8, what is 222243714 + 2?
222243716
In base 13, what is 450 + -a946?
-a4c6
In base 14, what is -10c515 + -9?
-10c520
In base 6, what is 3123430340 - -3?
3123430343
In base 9, what is 128128814 + -3?
128128811
In base 11, what is 2 + a47507?
a47509
In base 3, what is 12111121120 + 22102212?
12211001102
In base 16, what is 137 + -3020e5?
-301fae
In base 11, what is -a + -8a07a?
-8a089
In base 6, what is 2 - 254323134?
-254323132
In base 4, what is 11 + 302333101?
302333112
In base 8, what is 31 - -102161400?
102161431
In base 12, what is 4b + -80354?
-80305
In base 3, what is -1 - 12001200120120?
-12001200120121
In base 5, what is -3403224 - 130344?
-4034123
In base 11, what is 0 + -1a24213a?
-1a24213a
In base 10, what is -4 - -12244854?
12244850
In base 10, what is -5 - 32688967?
-32688972
In base 3, what is -1 - 1110010100002?
-1110010100010
In base 9, what is 152110 - 801?
151208
In base 13, what is -4 - 3451695?
-3451699
In base 11, what is -5 - 1420a37?
-1420a41
In base 3, what is 12120011111000020212 - 10?
12120011111000020202
In base 3, what is -10000112220 - 2012110?
-10002202100
In base 16, what is -5 - -e52bfd?
e52bf8
In base 16, what is -754ea7 - -3?
-754ea4
In base 3, what is -1011121021 - 1020000?
-1012211021
In base 13, what is 3 - -27421?
27424
In base 4, what is -13110 + 203231103?
203211333
In base 2, what is -1011101100110011 - -11100111001?
-1011001111111010
In base 10, what is 5933 + 4628?
10561
In base 15, what is 4 + 2c05e07?
2c05e0b
In base 8, what is -20167505 - -10?
-20167475
In base 12, what is 217a - -5160?
731a
In base 6, what is -3 + -111332424?
-111332431
In base 7, what is -663644 + -241?
-664215
In base 6, what is -323143 - -3021?
-320122
In base 5, what is -1333 + -1343230443?
-1343232331
In base 13, what is 5 + 46b8cb?
46b903
In base 7, what is -13 + -5504646?
-5504662
In base 4, what is -31 + -2032131333?
-2032132030
In base 15, what is -c75d - 50?
-c7ad
In base 11, what is -1124 - -26134?
25010
In base 12, what is -127 + -1050b?
-10636
In base 4, what is -31 - -3023231331?
3023231300
In base 3, what is -10 - 100022021?
-100022101
In base 16, what is 3f - -7e82a?
7e869
In base 5, what is 21421422 - 241?
21421131
In base 4, what is -210 - -1222332230?
1222332020
In base 3, what is -21021 + 101112200201?
101112102110
In base 8, what is 6 + 1220477?
1220505
In base 2, what is -100001000010000100111 - -11?
-100001000010000100100
In base 13, what is 238a24 - -1?
238a25
In base 3, what is -21012 - 2002021111?
-2002112200
In base 11, what is 380a4854 - 8?
380a4847
In base 5, what is 1104 - -13140404?
13142013
In base 3, what is -221100110102 + 101?
-221100110001
In base 13, what is -10 - -658829?
658819
In base 4, what is -212132 - 1102210?
-1321002
In base 13, what is -3453 - -700?
-2a53
In base 6, what is 352312515 - -5?
352312524
In base 12, what is -2 + -2b1b0507?
-2b1b0509
In base 12, what is 2a2bb1 - 163?
2a2a4a
In base 7, what is 3635323 + -244?
3635046
In base 15, what is 4 + -17c421b2?
-17c421ad
In base 5, what is 11 + 1230233124?
1230233140
In base 16, what is -d8 - -37d19?
37c41
In base 4, what is 1023 - 1231101312?
-1231100223
In base 9, what is 1114 + 1324133?
1325247
In base 16, what is 1d086 + -74?
1d012
In base 14, what is 2a + -30b28?
-30adc
In base 8, what is 13145164 - -66?
13145252
In base 14, what is 5 + -512c28?
-512c23
In base 3, what is 1021120102120222 - 0?
1021120102120222
In base 5, what is -22341423411 - 3?
-22341423414
In base 14, what is -23d7 - 1cb7?
-42b0
In base 6, what is -11432 + 4542?
-2450
In base 14, what is 216 + -4b86?
-4970
In base 8, what is 171550 + -74?
171454
In base 8, what is -5345542 - -1453?
-5344067
In base 8, what is 3326 + 30615?
34143
In base 5, what is 0 + 120030330?
120030330
In base 5, what is 1010 + -4422332?
-4421322
In base 16, what is 406 - -7db0?
81b6
In base 12, what is -6240 + -3938?
-9b78
In base 10, what is -77106 + -41?
-77147
In base 4, what is 202 - -10330220221?
10330221023
In base 11, what is -1 + 3053546?
3053545
In base 7, what is 2 + 3062501525?
3062501530
In base 13, what is 158b512 - -5?
158b517
In base 6, what is 4234 + -240405?
-232131
In base 2, what is -100100101100011010011 - -111110?
-100100101100010010101
In base 7, what is 0 - -126255201?
126255201
In base 5, what is 122031324 + 13?
122031342
In base 15, what is 693373 - 16?
69335c
In base 3, what is 2112220020220 - -120?
2112220021110
In base 10, what is 2 + 153527?
153529
In base 7, what is -15 - -20604311?
20604263
In base 13, what is -a6a - c59?
-19c6
In base 8, what is 36266 - -26?
36314
In base 10, what is 1 + 35742780?
35742781
In base 4, what is -10031220312 - 10310?
-10031231222
In base 2, what is 0 - 11111100101000111011010?
-11111100101000111011010
In base 11, what is 4 - -9a80865?
9a80869
In base 12, what is 12360476 + -8?
1236046a
In base 13, what is 112b + 94441?
9556c
In base 13, what is -2a51438 - 5?
-2a51440
In base 2, what is 101 + 1001101111001101100100010011?
1001101111001101100100011000
In base 8, what is 6604242 - -45?
6604307
In base 16, what is -a8381 + -17?
-a8398
In base 7, what is 4 - 26325426?
-26325422
In base 6, what is 131512402 + 1?
131512403
In base 6, what is -1 + 122541340?
122541335
In base 11, what is 147 - -120129?
120275
In base 6, what is -20 + 11324?
11304
In base 4, what is 0 - -1213233301121?
1213233301121
In base 7, what is -11343300 - -40?
-11343230
In base 16, what is 60176 - -12?
60188
In base 9, what is 3374 + 107510?
111884
In base 15, what is -28baa5 + 6?
-28ba9e
In base 4, what is -202103332 + -1230?
-202111222
In base 16, what is -a3b - -63?
-9d8
In base 5, what is -110024 - -114313?
4234
In base 10, what is -1 + -138802?
-138803
In base 3, what is 1102221211000010 - 2?
1102221211000001
In base 11, 